
Is 1451799761 a prime number?
False
Is 1235956387 a composite number?
False
Is 24129967991 a prime number?
True
Is 231472987 composite?
True
Is 12230642023 a composite number?
False
Is 2083066771 composite?
True
Is 1704941419 a composite number?
False
Is 3055569823 a composite number?
True
Is 1215993503 prime?
False
Is 311557513 composite?
True
Is 719387089 a prime number?
False
Is 4130111599 composite?
False
Is 1866395459 composite?
True
Is 114506205971 a prime number?
False
Is 153298220451 prime?
False
Is 48874157961 composite?
True
Is 3937107847 composite?
False
Is 14999857 prime?
True
Is 19080370151 prime?
False
Is 2944519783 a prime number?
True
Is 7955090707 a composite number?
True
Is 8589294803 composite?
False
Is 29099555257 composite?
False
Is 87939865399 a prime number?
False
Is 11364955223 composite?
False
Is 3643498879 composite?
True
Is 5350489483 composite?
True
Is 2052957889 a prime number?
True
Is 479063329 prime?
False
Is 13534576703 prime?
True
Is 236424719 a composite number?
False
Is 75519598769 a composite number?
True
Is 764494477 prime?
False
Is 10405260895 a composite number?
True
Is 1572625657 a prime number?
True
Is 377421463 a composite number?
True
Is 1017596581 a prime number?
False
Is 39714699307 a prime number?
False
Is 5383369757 a prime number?
False
Is 552900133 composite?
True
Is 4215555779 prime?
False
Is 24469847993 prime?
True
Is 968490715 prime?
False
Is 1346082323 composite?
True
Is 1989834661 prime?
True
Is 14986672867 a prime number?
False
Is 382709851 a prime number?
True
Is 1890931613 a prime number?
True
Is 161704296163 a prime number?
True
Is 119546027 a prime number?
True
Is 779375153 composite?
True
Is 73269857677 a composite number?
True
Is 951429403 a composite number?
True
Is 65035412443 composite?
False
Is 3247552439 a composite number?
True
Is 23970375877 composite?
True
Is 1196768429 composite?
False
Is 6874822051 a composite number?
True
Is 95117791 a composite number?
True
Is 433368041 a composite number?
True
Is 929893641 a composite number?
True
Is 4569149657 composite?
False
Is 222661903 a composite number?
True
Is 130761866309 a prime number?
False
Is 2785467761 a composite number?
False
Is 18165461653 prime?
False
Is 4468856467 prime?
True
Is 5192733422 a prime number?
False
Is 939882209 a prime number?
False
Is 11458574306 prime?
False
Is 240066731 a prime number?
False
Is 11880070329 prime?
False
Is 1257651727 a prime number?
False
Is 1182663043 a prime number?
True
Is 3062694727 prime?
False
Is 1351759777 prime?
False
Is 349218869 a composite number?
False
Is 18406459 composite?
True
Is 1149140641 a composite number?
True
Is 12389326591 prime?
False
Is 11503429 a composite number?
True
Is 15365754161 composite?
True
Is 21953977 composite?
True
Is 47880853 a prime number?
False
Is 2834855633 prime?
True
Is 511134139 a prime number?
False
Is 1029405143 composite?
True
Is 3617141133 a prime number?
False
Is 31067007143 a prime number?
False
Is 11462156509 prime?
False
Is 359743957 composite?
False
Is 3455530321 prime?
True
Is 878621023 a composite number?
True
Is 9279947311 a composite number?
True
Is 9432601979 a prime number?
False
Is 15171313601 composite?
True
Is 304834120981 a composite number?
True
Is 18133877 a composite number?
False
Is 69596653751 prime?
False
Is 724520761 a composite number?
False
Is 17544598447 prime?
False
Is 61224754043 composite?
False
Is 1597419445 a composite number?
True
Is 21024471053 a prime number?
False
Is 4941290047 a prime number?
True
Is 33706783403 a composite number?
True
Is 215340937985 prime?
False
Is 663600419 prime?
True
Is 161036021221 prime?
False
Is 9456358537 a prime number?
True
Is 75207671303 a composite number?
True
Is 86652057293 composite?
False
Is 61709441 composite?
True
Is 1267984885 a composite number?
True
Is 6976246721 a composite number?
False
Is 3898399399 composite?
True
Is 2529438761 composite?
True
Is 4831194089 prime?
True
Is 6816600209 prime?
False
Is 28687597 composite?
True
Is 1341248563 prime?
False
Is 4456840711 composite?
False
Is 200388236861 a prime number?
True
Is 1674054133 composite?
True
Is 202319749 prime?
True
Is 1290882079 a composite number?
False
Is 444232513 composite?
False
Is 16823473093 composite?
True
Is 3151651661 composite?
False
Is 147151229 a composite number?
True
Is 1017767213 prime?
True
Is 1653466879 a prime number?
True
Is 125626199 composite?
True
Is 280117813 prime?
False
Is 21806321737 a composite number?
False
Is 1523901359 a composite number?
True
Is 165571661 a prime number?
True
Is 9842046901 composite?
True
Is 2927322211 a composite number?
True
Is 7055896469 a prime number?
True
Is 6504747323 composite?
True
Is 4981971989 a composite number?
False
Is 13684631381 a composite number?
True
Is 149820509149 a composite number?
False
Is 1302019207 a composite number?
False
Is 8784991387 prime?
True
Is 352012039 prime?
False
Is 607240651 a prime number?
True
Is 16930491961 a prime number?
True
Is 29625814091 prime?
True
Is 10499319533 a prime number?
True
Is 643983499 a prime number?
False
Is 5453417 a composite number?
False
Is 67316929261 a composite number?
False
Is 20049522103 prime?
False
Is 6763674017 prime?
False
Is 11432463283 composite?
True
Is 2879347199 a composite number?
False
Is 2504129486 a prime number?
False
Is 47434940071 a prime number?
True
Is 4980653441 composite?
True
Is 15428176997 prime?
False
Is 15679269971 prime?
True
Is 51834217 prime?
True
Is 27126820541 a composite number?
False
Is 10003043849 composite?
False
Is 933709867 prime?
True
Is 848027757 a prime number?
False
Is 27092123687 composite?
False
Is 9466560251 a composite number?
False
Is 3438589523 a composite number?
False
Is 319180331 a composite number?
True
Is 77508421 a prime number?
True
Is 14652492857 composite?
True
Is 11945066753 a composite number?
True
Is 9385929289 a composite number?
True
Is 12849037313 prime?
False
Is 146165203 a prime number?
True
Is 7770579497 composite?
False
Is 11312314903 a prime number?
True
Is 12892433353 a prime number?
True
Is 2367944021 a composite number?
True
Is 24771211729 a prime number?
False
Is 1040654987 a composite number?
True
Is 194773487 a prime number?
True
Is 23620482874 a prime number?
False
Is 32875447861 a composite number?
True
Is 3679691843 prime?
True
Is 36703358533 prime?
False
Is 20357286919 composite?
True
Is 5553413927 a prime number?
True
Is 2631074839 prime?
False
Is 369929194171 composite?
False
Is 2183108119 prime?
True
Is 18955525721 a prime number?
False
Is 196322303 a composite number?
True
Is 1818428285 composite?
True
Is 7574934317 composite?
True
Is 6073599881 a composite number?
False
Is 13665396247 a prime number?
True
Is 85182602569 prime?
True
Is 750678271 a composite number?
True
Is 10375516661 prime?
True
Is 28363963423 composite?
True
Is 30154213 a composite number?
True
Is 170249801 a prime number?
True
Is 511928269 prime?
True
Is 3210984409 prime?
True
Is 48707290109 prime?
False
Is 16921878569 composite?
True
Is 34773551 composite?
True
Is 1947941353 prime?
True
Is 266167459 composite?
True
Is 921502991 composite?
True
Is 3178459069 prime?
True
Is 1846712507 a composite number?
True
Is 9118038757 a prime number?
False
Is 4441905199 a prime number?
False
Is 17743117451 prime?
False
Is 411772901 composite?
False
Is 11175577437 a composite number?
True
Is 1809510817 composite?
False
Is 11277982271 composite?
False
Is 1923087079 a composite number?
True
Is 1217093426 composite?
True
Is 39683405407 prime?
True
Is 94753169543 a prime number?
True
Is 2650678949 a composite number?
True
Is 119451415 composite?
True
Is 3801151741 composite?
True
Is 27432558649 prime?
False
Is 2936023406 a prime number?
False
Is 4186982083 a prime number?
False
Is 526487453 prime?
False
Is 61957739 a prime number?
True
Is 5875914653 a composite number?
True
Is 46025124353 a prime number?
False
Is 27960800281 a composite number?
True
Is 342102113 composite?
False
Is 3220978451 a composite number?
False
Is 24998947 a composite number?
False
Is 7579471007 a prime number?
True
Is 17305336003 a composite number?
True
Is 341852763431 prime?
True
Is 1292219543 prime?
True
Is 921204191 prime?
True
Is 95283185 composite?
True
Is 46357037447 a comp